{"id":1220,"date":"2026-03-08T21:19:32","date_gmt":"2026-03-08T20:19:32","guid":{"rendered":"https:\/\/lejardindecorail.com\/superhote-logement\/le-poinsettia-dor-elegance-vue-panoramique\/"},"modified":"2026-04-26T16:30:10","modified_gmt":"2026-04-26T14:30:10","slug":"le-poinsettia-dor-elegance-vue-panoramique","status":"publish","type":"superhote_rental","link":"https:\/\/lejardindecorail.com\/de\/reunion-vermietung\/le-poinsettia-dor-elegance-vue-panoramique\/","title":{"rendered":"Le Poinsettia d\u2019Or \u2013 \u00c9l\u00e9gance &amp; vue panoramique"},"content":{"rendered":"<p>\u200b<\/p>\n<p><b><span>Le Poinsettia d\u2019Or \u2013 T3 \u00e9l\u00e9gant proche Ma\u00efdo &amp; piscine<\/span><\/b><span><\/span><br \/>\n  <span>&nbsp;<\/span><br \/>\n  <span><\/span><br \/>\n  <\/p>\n<p><span>Bienvenue au Poinsettia d\u2019Or, superbe appartement T3 d\u00e9cor\u00e9 avec go\u00fbt \u00e0 Bois de N\u00e8fles Saint-Paul, sur la route du Ma\u00efdo. Profitez d\u2019une varangue avec barbecue, d\u2019une salle de bain moderne avec douche \u00e0 l\u2019italienne, WC s\u00e9par\u00e9, et d\u2019une vue sur l\u2019oc\u00e9an. R\u00e9sidence calme avec 2 places de parking, \u00e0 deux pas de la piscine municipale et des commerces. Id\u00e9al pour d\u00e9couvrir les hauts de Saint-Paul et l\u2019ouest de La R\u00e9union.<\/span><br \/>\n  <span>&nbsp;<\/span><br \/>\n  <span><\/span><br \/>\n  <\/p>\n<p><span>Offrez-vous un s\u00e9jour paisible au Poinsettia d\u2019Or, un T3 enti\u00e8rement r\u00e9nov\u00e9 m\u00ealant confort, \u00e9l\u00e9gance et authenticit\u00e9 cr\u00e9ole. Situ\u00e9 \u00e0 Bois de N\u00e8fles Saint-Paul, sur la route du Ma\u00efdo, l\u2019appartement vous place \u00e0 proximit\u00e9 directe des plus beaux points de vue de l\u2019\u00eele, des sentiers vers Mafate, et \u00e0 seulement quelques minutes de la piscine municipale, des commerces, pharmacies et restaurants.<br \/>\n  &#8211; \u2728 Les points forts du logement :<br \/>\n Appartement T3 lumineux et moderne<br \/>\n &#8211; 2 chambres avec lits queen size (160&#215;200) et rangements<br \/>\n &#8211; Salle de bain avec douche \u00e0 l\u2019italienne et WC s\u00e9par\u00e9<br \/>\n &#8211; Cuisine neuve enti\u00e8rement \u00e9quip\u00e9e (plaque, four, lave-vaisselle, machine \u00e0 caf\u00e9 multi-capsules, lave-linge)<br \/>\n &#8211; Salon cosy avec TV \u00e9cran plat et Wi-Fi haut d\u00e9bit<br \/>\n &#8211; Varangue avec barbecue, id\u00e9ale pour vos repas en ext\u00e9rieur<br \/>\n &#8211; 2 places de parking priv\u00e9es dans une r\u00e9sidence calme et s\u00e9curis\u00e9e&nbsp;<\/p>\n<p><\/span><\/p>\n<p><span>\u200b\ud83c\udf05 Profitez d\u2019une vue d\u00e9gag\u00e9e sur l\u2019oc\u00e9an et le Port, du calme de la nature, tout en restant proche des commodit\u00e9s et des plus beaux sites de l\u2019Ouest.&nbsp;<\/p>\n<p><\/span><\/p>\n<p><span>\u200b\ud83d\uddfa\ufe0f \u00c0 proximit\u00e9 :&nbsp;<\/p>\n<p><\/span><\/p>\n<p><span>\u200b- Piscine municipale de Bois de N\u00e8fles (\u00e0 pied)<br \/><\/span><span>\u200b<br \/>\n &#8211; Supermarch\u00e9, boulangerie, pharmacie, restaurants&nbsp;<br \/><\/span><span>\u200b &#8211; D\u00e9part vers le Ma\u00efdo, Cap Noir, Saint-Gilles<br \/><\/span><span>\u200b-les-Bains, plages et march\u00e9s de Saint-Paul<br \/>\n  Un logement parfait pour un s\u00e9jour en couple, entre amis ou en famille, \u00e0 mi-chemin entre montagne et oc\u00e9an \ud83c\udf3a<\/span>\n  <\/p>\n<p><span>&nbsp;<\/span>\n  <\/p>\n<p><i><span>\ud83d\udcde +262 0692 86 65 16<br \/>\n \ud83c\udf10 <a href=\"https:\/\/lejardindecorail.com\/de\">www.lejardindecorail.com<\/a><br \/>\n Conciergerie &amp; Locations saisonni\u00e8res de standing \u00e0 La R\u00e9union<\/span><\/i><span><\/span>\n  <\/p>","protected":false},"excerpt":{"rendered":"<p>\u200bLe Poinsettia d\u2019Or \u2013 T3 \u00e9l\u00e9gant proche Ma\u00efdo &amp; piscine &nbsp; Bienvenue au Poinsettia d\u2019Or, superbe appartement T3 d\u00e9cor\u00e9 avec go\u00fbt \u00e0 Bois de N\u00e8fles Saint-Paul, sur la route du Ma\u00efdo. Profitez d\u2019une varangue avec barbecue, d\u2019une salle de bain\u2026<\/p>","protected":false},"featured_media":0,"template":"","meta":[],"class_list":["post-1220","superhote_rental","type-superhote_rental","status-publish","hentry"],"yoast_head":"<!-- This site is optimized with the Yoast SEO plugin v26.7 - https:\/\/yoast.com\/wordpress\/plugins\/seo\/ -->\n<title>Le Poinsettia d\u2019Or \u2013 \u00c9l\u00e9gance &amp; vue panoramique | Le Jardin de Corail<\/title>\n<meta name=\"robots\" content=\"index, follow, max-snippet:-1, max-image-preview:large, max-video-preview:-1\" \/>\n<link rel=\"canonical\" href=\"https:\/\/lejardindecorail.com\/de\/reunion-vermietung\/le-poinsettia-dor-elegance-vue-panoramique\/\" \/>\n<meta property=\"og:locale\" content=\"de_DE\" \/>\n<meta property=\"og:type\" content=\"article\" \/>\n<meta property=\"og:title\" content=\"Le Poinsettia d\u2019Or \u2013 \u00c9l\u00e9gance &amp; vue panoramique | Le Jardin de Corail\" \/>\n<meta property=\"og:description\" content=\"\u200bLe Poinsettia d\u2019Or \u2013 T3 \u00e9l\u00e9gant proche Ma\u00efdo &amp; piscine &nbsp; Bienvenue au Poinsettia d\u2019Or, superbe appartement T3 d\u00e9cor\u00e9 avec go\u00fbt \u00e0 Bois de N\u00e8fles Saint-Paul, sur la route du Ma\u00efdo. Profitez d\u2019une varangue avec barbecue, d\u2019une salle de bain\u2026\" \/>\n<meta property=\"og:url\" content=\"https:\/\/lejardindecorail.com\/de\/reunion-vermietung\/le-poinsettia-dor-elegance-vue-panoramique\/\" \/>\n<meta property=\"og:site_name\" content=\"Le Jardin de Corail\" \/>\n<meta property=\"article:publisher\" content=\"https:\/\/www.facebook.com\/profile.php?id=61584957233103\" \/>\n<meta property=\"article:modified_time\" content=\"2026-04-26T14:30:10+00:00\" \/>\n<meta property=\"og:image\" content=\"https:\/\/lejardindecorail.com\/wp-content\/uploads\/2025\/04\/cropped-le-jardin-de-corail-1.png\" \/>\n\t<meta property=\"og:image:width\" content=\"549\" \/>\n\t<meta property=\"og:image:height\" content=\"279\" \/>\n\t<meta property=\"og:image:type\" content=\"image\/png\" \/>\n<meta name=\"twitter:card\" content=\"summary_large_image\" \/>\n<meta name=\"twitter:label1\" content=\"Gesch\u00e4tzte Lesezeit\" \/>\n\t<meta name=\"twitter:data1\" content=\"2\u00a0Minuten\" \/>\n<script type=\"application\/ld+json\" class=\"yoast-schema-graph\">{\"@context\":\"https:\/\/schema.org\",\"@graph\":[{\"@type\":\"WebPage\",\"@id\":\"https:\/\/lejardindecorail.com\/location-reunion\/le-poinsettia-dor-elegance-vue-panoramique\/\",\"url\":\"https:\/\/lejardindecorail.com\/location-reunion\/le-poinsettia-dor-elegance-vue-panoramique\/\",\"name\":\"Le Poinsettia d\u2019Or \u2013 \u00c9l\u00e9gance &amp; vue panoramique | Le Jardin de Corail\",\"isPartOf\":{\"@id\":\"https:\/\/lejardindecorail.com\/#website\"},\"datePublished\":\"2026-03-08T20:19:32+00:00\",\"dateModified\":\"2026-04-26T14:30:10+00:00\",\"breadcrumb\":{\"@id\":\"https:\/\/lejardindecorail.com\/location-reunion\/le-poinsettia-dor-elegance-vue-panoramique\/#breadcrumb\"},\"inLanguage\":\"de\",\"potentialAction\":[{\"@type\":\"ReadAction\",\"target\":[\"https:\/\/lejardindecorail.com\/location-reunion\/le-poinsettia-dor-elegance-vue-panoramique\/\"]}]},{\"@type\":\"BreadcrumbList\",\"@id\":\"https:\/\/lejardindecorail.com\/location-reunion\/le-poinsettia-dor-elegance-vue-panoramique\/#breadcrumb\",\"itemListElement\":[{\"@type\":\"ListItem\",\"position\":1,\"name\":\"Home\",\"item\":\"https:\/\/lejardindecorail.com\/\"},{\"@type\":\"ListItem\",\"position\":2,\"name\":\"Le Poinsettia d\u2019Or \u2013 \u00c9l\u00e9gance &amp; vue panoramique\"}]},{\"@type\":\"WebSite\",\"@id\":\"https:\/\/lejardindecorail.com\/#website\",\"url\":\"https:\/\/lejardindecorail.com\/\",\"name\":\"Le Jardin de Corail |\u00a0Location saisonni\u00e8re Conciergerie \u00e0 la R\u00e9union\",\"description\":\"Locations \u00e0 La R\u00e9union\",\"publisher\":{\"@id\":\"https:\/\/lejardindecorail.com\/#organization\"},\"potentialAction\":[{\"@type\":\"SearchAction\",\"target\":{\"@type\":\"EntryPoint\",\"urlTemplate\":\"https:\/\/lejardindecorail.com\/?s={search_term_string}\"},\"query-input\":{\"@type\":\"PropertyValueSpecification\",\"valueRequired\":true,\"valueName\":\"search_term_string\"}}],\"inLanguage\":\"de\"},{\"@type\":\"Organization\",\"@id\":\"https:\/\/lejardindecorail.com\/#organization\",\"name\":\"Le Jardin de Corail\",\"url\":\"https:\/\/lejardindecorail.com\/\",\"logo\":{\"@type\":\"ImageObject\",\"inLanguage\":\"de\",\"@id\":\"https:\/\/lejardindecorail.com\/#\/schema\/logo\/image\/\",\"url\":\"https:\/\/lejardindecorail.com\/wp-content\/uploads\/2025\/04\/le-jardin-de-corail-1.png\",\"contentUrl\":\"https:\/\/lejardindecorail.com\/wp-content\/uploads\/2025\/04\/le-jardin-de-corail-1.png\",\"width\":559,\"height\":285,\"caption\":\"Le Jardin de Corail\"},\"image\":{\"@id\":\"https:\/\/lejardindecorail.com\/#\/schema\/logo\/image\/\"},\"sameAs\":[\"https:\/\/www.facebook.com\/profile.php?id=61584957233103\",\"https:\/\/www.instagram.com\/jardin_de_corail\/\"]}]}<\/script>\n<!-- \/ Yoast SEO plugin. -->","yoast_head_json":{"title":"Le Poinsettia d\u2019Or \u2013 \u00c9l\u00e9gance &amp; vue panoramique | Le Jardin de Corail","robots":{"index":"index","follow":"follow","max-snippet":"max-snippet:-1","max-image-preview":"max-image-preview:large","max-video-preview":"max-video-preview:-1"},"canonical":"https:\/\/lejardindecorail.com\/de\/reunion-vermietung\/le-poinsettia-dor-elegance-vue-panoramique\/","og_locale":"de_DE","og_type":"article","og_title":"Le Poinsettia d\u2019Or \u2013 \u00c9l\u00e9gance &amp; vue panoramique | Le Jardin de Corail","og_description":"\u200bLe Poinsettia d\u2019Or \u2013 T3 \u00e9l\u00e9gant proche Ma\u00efdo &amp; piscine &nbsp; Bienvenue au Poinsettia d\u2019Or, superbe appartement T3 d\u00e9cor\u00e9 avec go\u00fbt \u00e0 Bois de N\u00e8fles Saint-Paul, sur la route du Ma\u00efdo. Profitez d\u2019une varangue avec barbecue, d\u2019une salle de bain\u2026","og_url":"https:\/\/lejardindecorail.com\/de\/reunion-vermietung\/le-poinsettia-dor-elegance-vue-panoramique\/","og_site_name":"Le Jardin de Corail","article_publisher":"https:\/\/www.facebook.com\/profile.php?id=61584957233103","article_modified_time":"2026-04-26T14:30:10+00:00","og_image":[{"width":549,"height":279,"url":"https:\/\/lejardindecorail.com\/wp-content\/uploads\/2025\/04\/cropped-le-jardin-de-corail-1.png","type":"image\/png"}],"twitter_card":"summary_large_image","twitter_misc":{"Gesch\u00e4tzte Lesezeit":"2\u00a0Minuten"},"schema":{"@context":"https:\/\/schema.org","@graph":[{"@type":"WebPage","@id":"https:\/\/lejardindecorail.com\/location-reunion\/le-poinsettia-dor-elegance-vue-panoramique\/","url":"https:\/\/lejardindecorail.com\/location-reunion\/le-poinsettia-dor-elegance-vue-panoramique\/","name":"Le Poinsettia d\u2019Or \u2013 \u00c9l\u00e9gance &amp; vue panoramique | Le Jardin de Corail","isPartOf":{"@id":"https:\/\/lejardindecorail.com\/#website"},"datePublished":"2026-03-08T20:19:32+00:00","dateModified":"2026-04-26T14:30:10+00:00","breadcrumb":{"@id":"https:\/\/lejardindecorail.com\/location-reunion\/le-poinsettia-dor-elegance-vue-panoramique\/#breadcrumb"},"inLanguage":"de","potentialAction":[{"@type":"ReadAction","target":["https:\/\/lejardindecorail.com\/location-reunion\/le-poinsettia-dor-elegance-vue-panoramique\/"]}]},{"@type":"BreadcrumbList","@id":"https:\/\/lejardindecorail.com\/location-reunion\/le-poinsettia-dor-elegance-vue-panoramique\/#breadcrumb","itemListElement":[{"@type":"ListItem","position":1,"name":"Home","item":"https:\/\/lejardindecorail.com\/"},{"@type":"ListItem","position":2,"name":"Le Poinsettia d\u2019Or \u2013 \u00c9l\u00e9gance &amp; vue panoramique"}]},{"@type":"WebSite","@id":"https:\/\/lejardindecorail.com\/#website","url":"https:\/\/lejardindecorail.com\/","name":"Der Korallengarten | Saisonvermietung Conciergeservice auf La R\u00e9union","description":"Vermietungen auf La R\u00e9union","publisher":{"@id":"https:\/\/lejardindecorail.com\/#organization"},"potentialAction":[{"@type":"SearchAction","target":{"@type":"EntryPoint","urlTemplate":"https:\/\/lejardindecorail.com\/?s={search_term_string}"},"query-input":{"@type":"PropertyValueSpecification","valueRequired":true,"valueName":"search_term_string"}}],"inLanguage":"de"},{"@type":"Organization","@id":"https:\/\/lejardindecorail.com\/#organization","name":"Der Korallengarten","url":"https:\/\/lejardindecorail.com\/","logo":{"@type":"ImageObject","inLanguage":"de","@id":"https:\/\/lejardindecorail.com\/#\/schema\/logo\/image\/","url":"https:\/\/lejardindecorail.com\/wp-content\/uploads\/2025\/04\/le-jardin-de-corail-1.png","contentUrl":"https:\/\/lejardindecorail.com\/wp-content\/uploads\/2025\/04\/le-jardin-de-corail-1.png","width":559,"height":285,"caption":"Le Jardin de Corail"},"image":{"@id":"https:\/\/lejardindecorail.com\/#\/schema\/logo\/image\/"},"sameAs":["https:\/\/www.facebook.com\/profile.php?id=61584957233103","https:\/\/www.instagram.com\/jardin_de_corail\/"]}]}},"_links":{"self":[{"href":"https:\/\/lejardindecorail.com\/de\/wp-json\/wp\/v2\/superhote_rental\/1220","targetHints":{"allow":["GET"]}}],"collection":[{"href":"https:\/\/lejardindecorail.com\/de\/wp-json\/wp\/v2\/superhote_rental"}],"about":[{"href":"https:\/\/lejardindecorail.com\/de\/wp-json\/wp\/v2\/types\/superhote_rental"}],"version-history":[{"count":31,"href":"https:\/\/lejardindecorail.com\/de\/wp-json\/wp\/v2\/superhote_rental\/1220\/revisions"}],"predecessor-version":[{"id":1582,"href":"https:\/\/lejardindecorail.com\/de\/wp-json\/wp\/v2\/superhote_rental\/1220\/revisions\/1582"}],"wp:attachment":[{"href":"https:\/\/lejardindecorail.com\/de\/wp-json\/wp\/v2\/media?parent=1220"}],"curies":[{"name":"wp","href":"https:\/\/api.w.org\/{rel}","templated":true}]}}

Le Poinsettia d’Or – Élégance &amp; vue panoramique

<p>​</p>
<p><b><span>Le Poinsettia d’Or – T3 élégant proche Maïdo &amp; piscine</span></b><span></span><br />
  <span>&nbsp;</span><br />
  <span></span><br />
  </p>
<p><span>Bienvenue au Poinsettia d’Or, superbe appartement T3 décoré avec goût à Bois de Nèfles Saint-Paul, sur la route du Maïdo. Profitez d’une varangue avec barbecue, d’une salle de bain moderne avec douche à l’italienne, WC séparé, et d’une vue sur l’océan. Résidence calme avec 2 places de parking, à deux pas de la piscine municipale et des commerces. Idéal pour découvrir les hauts de Saint-Paul et l’ouest de La Réunion.</span><br />
  <span>&nbsp;</span><br />
  <span></span><br />
  </p>
<p><span>Offrez-vous un séjour paisible au Poinsettia d’Or, un T3 entièrement rénové mêlant confort, élégance et authenticité créole. Situé à Bois de Nèfles Saint-Paul, sur la route du Maïdo, l’appartement vous place à proximité directe des plus beaux points de vue de l’île, des sentiers vers Mafate, et à seulement quelques minutes de la piscine municipale, des commerces, pharmacies et restaurants.<br />
  &#8211; ✨ Les points forts du logement :<br />
 Appartement T3 lumineux et moderne<br />
 &#8211; 2 chambres avec lits queen size (160&#215;200) et rangements<br />
 &#8211; Salle de bain avec douche à l’italienne et WC séparé<br />
 &#8211; Cuisine neuve entièrement équipée (plaque, four, lave-vaisselle, machine à café multi-capsules, lave-linge)<br />
 &#8211; Salon cosy avec TV écran plat et Wi-Fi haut débit<br />
 &#8211; Varangue avec barbecue, idéale pour vos repas en extérieur<br />
 &#8211; 2 places de parking privées dans une résidence calme et sécurisée&nbsp;</p>
<p></span></p>
<p><span>​🌅 Profitez d’une vue dégagée sur l’océan et le Port, du calme de la nature, tout en restant proche des commodités et des plus beaux sites de l’Ouest.&nbsp;</p>
<p></span></p>
<p><span>​🗺️ À proximité :&nbsp;</p>
<p></span></p>
<p><span>​- Piscine municipale de Bois de Nèfles (à pied)<br /></span><span>​<br />
 &#8211; Supermarché, boulangerie, pharmacie, restaurants&nbsp;<br /></span><span>​ &#8211; Départ vers le Maïdo, Cap Noir, Saint-Gilles<br /></span><span>​-les-Bains, plages et marchés de Saint-Paul<br />
  Un logement parfait pour un séjour en couple, entre amis ou en famille, à mi-chemin entre montagne et océan 🌺</span>
  </p>
<p><span>&nbsp;</span>
  </p>
<p><i><span>📞 +262 0692 86 65 16<br />
 🌐 <a href="https://lejardindecorail.com/de">www.lejardindecorail.com</a><br />
 Conciergerie &amp; Locations saisonnières de standing à La Réunion</span></i><span></span>
  </p>

<p>​Le Poinsettia d’Or – T3 élégant proche Maïdo &amp; piscine &nbsp; Bienvenue au Poinsettia d’Or, superbe appartement T3 décoré avec goût à Bois de Nèfles Saint-Paul, sur la route du Maïdo. Profitez d’une varangue avec barbecue, d’une salle de bain…</p>

<!-- This site is optimized with the Yoast SEO plugin v26.7 - https://yoast.com/wordpress/plugins/seo/ -->
<title>Le Poinsettia d’Or – Élégance &amp; vue panoramique | Le Jardin de Corail</title>
<meta name="robots" content="index, follow, max-snippet:-1, max-image-preview:large, max-video-preview:-1" />
<link rel="canonical" href="https://lejardindecorail.com/de/reunion-vermietung/le-poinsettia-dor-elegance-vue-panoramique/" />
<meta property="og:locale" content="de_DE" />
<meta property="og:type" content="article" />
<meta property="og:title" content="Le Poinsettia d’Or – Élégance &amp; vue panoramique | Le Jardin de Corail" />
<meta property="og:description" content="​Le Poinsettia d’Or – T3 élégant proche Maïdo &amp; piscine &nbsp; Bienvenue au Poinsettia d’Or, superbe appartement T3 décoré avec goût à Bois de Nèfles Saint-Paul, sur la route du Maïdo. Profitez d’une varangue avec barbecue, d’une salle de bain…" />
<meta property="og:url" content="https://lejardindecorail.com/de/reunion-vermietung/le-poinsettia-dor-elegance-vue-panoramique/" />
<meta property="og:site_name" content="Le Jardin de Corail" />
<meta property="article:publisher" content="https://www.facebook.com/profile.php?id=61584957233103" />
<meta property="article:modified_time" content="2026-04-26T14:30:10+00:00" />
<meta property="og:image" content="https://lejardindecorail.com/wp-content/uploads/2025/04/cropped-le-jardin-de-corail-1.png" />
	<meta property="og:image:width" content="549" />
	<meta property="og:image:height" content="279" />
	<meta property="og:image:type" content="image/png" />
<meta name="twitter:card" content="summary_large_image" />
<meta name="twitter:label1" content="Geschätzte Lesezeit" />
	<meta name="twitter:data1" content="2 Minuten" />
<script type="application/ld+json" class="yoast-schema-graph">{"@context":"https://schema.org","@graph":[{"@type":"WebPage","@id":"https://lejardindecorail.com/location-reunion/le-poinsettia-dor-elegance-vue-panoramique/","url":"https://lejardindecorail.com/location-reunion/le-poinsettia-dor-elegance-vue-panoramique/","name":"Le Poinsettia d’Or – Élégance &amp; vue panoramique | Le Jardin de Corail","isPartOf":{"@id":"https://lejardindecorail.com/#website"},"datePublished":"2026-03-08T20:19:32+00:00","dateModified":"2026-04-26T14:30:10+00:00","breadcrumb":{"@id":"https://lejardindecorail.com/location-reunion/le-poinsettia-dor-elegance-vue-panoramique/#breadcrumb"},"inLanguage":"de","potentialAction":[{"@type":"ReadAction","target":["https://lejardindecorail.com/location-reunion/le-poinsettia-dor-elegance-vue-panoramique/"]}]},{"@type":"BreadcrumbList","@id":"https://lejardindecorail.com/location-reunion/le-poinsettia-dor-elegance-vue-panoramique/#breadcrumb","itemListElement":[{"@type":"ListItem","position":1,"name":"Home","item":"https://lejardindecorail.com/"},{"@type":"ListItem","position":2,"name":"Le Poinsettia d’Or – Élégance &amp; vue panoramique"}]},{"@type":"WebSite","@id":"https://lejardindecorail.com/#website","url":"https://lejardindecorail.com/","name":"Le Jardin de Corail | Location saisonnière Conciergerie à la Réunion","description":"Locations à La Réunion","publisher":{"@id":"https://lejardindecorail.com/#organization"},"potentialAction":[{"@type":"SearchAction","target":{"@type":"EntryPoint","urlTemplate":"https://lejardindecorail.com/?s={search_term_string}"},"query-input":{"@type":"PropertyValueSpecification","valueRequired":true,"valueName":"search_term_string"}}],"inLanguage":"de"},{"@type":"Organization","@id":"https://lejardindecorail.com/#organization","name":"Le Jardin de Corail","url":"https://lejardindecorail.com/","logo":{"@type":"ImageObject","inLanguage":"de","@id":"https://lejardindecorail.com/#/schema/logo/image/","url":"https://lejardindecorail.com/wp-content/uploads/2025/04/le-jardin-de-corail-1.png","contentUrl":"https://lejardindecorail.com/wp-content/uploads/2025/04/le-jardin-de-corail-1.png","width":559,"height":285,"caption":"Le Jardin de Corail"},"image":{"@id":"https://lejardindecorail.com/#/schema/logo/image/"},"sameAs":["https://www.facebook.com/profile.php?id=61584957233103","https://www.instagram.com/jardin_de_corail/"]}]}</script>
<!-- / Yoast SEO plugin. -->

Le Poinsettia d’Or – Élégance &amp; vue panoramique | Le Jardin de Corail

​Le Poinsettia d’Or – T3 élégant proche Maïdo &amp; piscine &nbsp; Bienvenue au Poinsettia d’Or, superbe appartement T3 décoré avec goût à Bois de Nèfles Saint-Paul, sur la route du Maïdo. Profitez d’une varangue avec barbecue, d’une salle de bain…

Der Korallengarten | Saisonvermietung Conciergeservice auf La Réunion

Vermietungen auf La Réunion
