{"id":1210,"date":"2026-03-08T21:19:31","date_gmt":"2026-03-08T20:19:31","guid":{"rendered":"https:\/\/lejardindecorail.com\/superhote-logement\/le-jardin-de-corail-splendide-f1-a-2-pas-du-lagon\/"},"modified":"2026-04-26T16:30:10","modified_gmt":"2026-04-26T14:30:10","slug":"le-jardin-de-corail-splendide-f1-a-2-pas-du-lagon","status":"publish","type":"superhote_rental","link":"https:\/\/lejardindecorail.com\/es\/alquiler-reunion\/le-jardin-de-corail-splendide-f1-a-2-pas-du-lagon\/","title":{"rendered":"Le Jardin de Corail, splendide F1 \u00e0 2 pas du lagon"},"content":{"rendered":"<p>Magnifique appartement F1 de 35 m2 habitable + une belle terrasse de 12 m2, id\u00e9alement situ\u00e9 \u00e0 moins de 600m de la plage de la Saline les Bains et 500m du centre ville. Le logement vient tout juste d&rsquo;\u00eatre enti\u00e8rement r\u00e9nov\u00e9, repens\u00e9, \u00e9quip\u00e9 \u00e0 neuf et d\u00e9cor\u00e9 avec go\u00fbt pour un maximum de confort et d&rsquo;optimisation des surfaces. L&rsquo;appartement est sans vis-\u00e0-vis, en rez de jardin et se trouve dans une r\u00e9sidence tr\u00e8s calme et de standing, avec parking privatif s\u00e9curis\u00e9.<\/p>\n<p>\u200b<\/p>\n<p><\/p><\/p>","protected":false},"excerpt":{"rendered":"<p>Magnifique appartement F1 de 35 m2 habitable + une belle terrasse de 12 m2, id\u00e9alement situ\u00e9 \u00e0 moins de 600m de la plage de la Saline les Bains et 500m du centre ville. Le logement vient tout juste d&rsquo;\u00eatre enti\u00e8rement\u2026<\/p>","protected":false},"featured_media":0,"template":"","meta":[],"class_list":["post-1210","superhote_rental","type-superhote_rental","status-publish","hentry"],"yoast_head":"<!-- This site is optimized with the Yoast SEO plugin v26.7 - https:\/\/yoast.com\/wordpress\/plugins\/seo\/ -->\n<title>Le Jardin de Corail, splendide F1 \u00e0 2 pas du lagon | Le Jardin de Corail<\/title>\n<meta name=\"robots\" content=\"index, follow, max-snippet:-1, max-image-preview:large, max-video-preview:-1\" \/>\n<link rel=\"canonical\" href=\"https:\/\/lejardindecorail.com\/es\/alquiler-reunion\/le-jardin-de-corail-splendide-f1-a-2-pas-du-lagon\/\" \/>\n<meta property=\"og:locale\" content=\"es_ES\" \/>\n<meta property=\"og:type\" content=\"article\" \/>\n<meta property=\"og:title\" content=\"Le Jardin de Corail, splendide F1 \u00e0 2 pas du lagon | Le Jardin de Corail\" \/>\n<meta property=\"og:description\" content=\"Magnifique appartement F1 de 35 m2 habitable + une belle terrasse de 12 m2, id\u00e9alement situ\u00e9 \u00e0 moins de 600m de la plage de la Saline les Bains et 500m du centre ville. Le logement vient tout juste d&#039;\u00eatre enti\u00e8rement\u2026\" \/>\n<meta property=\"og:url\" content=\"https:\/\/lejardindecorail.com\/es\/alquiler-reunion\/le-jardin-de-corail-splendide-f1-a-2-pas-du-lagon\/\" \/>\n<meta property=\"og:site_name\" content=\"Le Jardin de Corail\" \/>\n<meta property=\"article:publisher\" content=\"https:\/\/www.facebook.com\/profile.php?id=61584957233103\" \/>\n<meta property=\"article:modified_time\" content=\"2026-04-26T14:30:10+00:00\" \/>\n<meta property=\"og:image\" content=\"https:\/\/lejardindecorail.com\/wp-content\/uploads\/2025\/04\/cropped-le-jardin-de-corail-1.png\" \/>\n\t<meta property=\"og:image:width\" content=\"549\" \/>\n\t<meta property=\"og:image:height\" content=\"279\" \/>\n\t<meta property=\"og:image:type\" content=\"image\/png\" \/>\n<meta name=\"twitter:card\" content=\"summary_large_image\" \/>\n<script type=\"application\/ld+json\" class=\"yoast-schema-graph\">{\"@context\":\"https:\/\/schema.org\",\"@graph\":[{\"@type\":\"WebPage\",\"@id\":\"https:\/\/lejardindecorail.com\/location-reunion\/le-jardin-de-corail-splendide-f1-a-2-pas-du-lagon\/\",\"url\":\"https:\/\/lejardindecorail.com\/location-reunion\/le-jardin-de-corail-splendide-f1-a-2-pas-du-lagon\/\",\"name\":\"Le Jardin de Corail, splendide F1 \u00e0 2 pas du lagon | Le Jardin de Corail\",\"isPartOf\":{\"@id\":\"https:\/\/lejardindecorail.com\/#website\"},\"datePublished\":\"2026-03-08T20:19:31+00:00\",\"dateModified\":\"2026-04-26T14:30:10+00:00\",\"breadcrumb\":{\"@id\":\"https:\/\/lejardindecorail.com\/location-reunion\/le-jardin-de-corail-splendide-f1-a-2-pas-du-lagon\/#breadcrumb\"},\"inLanguage\":\"es\",\"potentialAction\":[{\"@type\":\"ReadAction\",\"target\":[\"https:\/\/lejardindecorail.com\/location-reunion\/le-jardin-de-corail-splendide-f1-a-2-pas-du-lagon\/\"]}]},{\"@type\":\"BreadcrumbList\",\"@id\":\"https:\/\/lejardindecorail.com\/location-reunion\/le-jardin-de-corail-splendide-f1-a-2-pas-du-lagon\/#breadcrumb\",\"itemListElement\":[{\"@type\":\"ListItem\",\"position\":1,\"name\":\"Home\",\"item\":\"https:\/\/lejardindecorail.com\/\"},{\"@type\":\"ListItem\",\"position\":2,\"name\":\"Le Jardin de Corail, splendide F1 \u00e0 2 pas du lagon\"}]},{\"@type\":\"WebSite\",\"@id\":\"https:\/\/lejardindecorail.com\/#website\",\"url\":\"https:\/\/lejardindecorail.com\/\",\"name\":\"Le Jardin de Corail |\u00a0Location saisonni\u00e8re Conciergerie \u00e0 la R\u00e9union\",\"description\":\"Locations \u00e0 La R\u00e9union\",\"publisher\":{\"@id\":\"https:\/\/lejardindecorail.com\/#organization\"},\"potentialAction\":[{\"@type\":\"SearchAction\",\"target\":{\"@type\":\"EntryPoint\",\"urlTemplate\":\"https:\/\/lejardindecorail.com\/?s={search_term_string}\"},\"query-input\":{\"@type\":\"PropertyValueSpecification\",\"valueRequired\":true,\"valueName\":\"search_term_string\"}}],\"inLanguage\":\"es\"},{\"@type\":\"Organization\",\"@id\":\"https:\/\/lejardindecorail.com\/#organization\",\"name\":\"Le Jardin de Corail\",\"url\":\"https:\/\/lejardindecorail.com\/\",\"logo\":{\"@type\":\"ImageObject\",\"inLanguage\":\"es\",\"@id\":\"https:\/\/lejardindecorail.com\/#\/schema\/logo\/image\/\",\"url\":\"https:\/\/lejardindecorail.com\/wp-content\/uploads\/2025\/04\/le-jardin-de-corail-1.png\",\"contentUrl\":\"https:\/\/lejardindecorail.com\/wp-content\/uploads\/2025\/04\/le-jardin-de-corail-1.png\",\"width\":559,\"height\":285,\"caption\":\"Le Jardin de Corail\"},\"image\":{\"@id\":\"https:\/\/lejardindecorail.com\/#\/schema\/logo\/image\/\"},\"sameAs\":[\"https:\/\/www.facebook.com\/profile.php?id=61584957233103\",\"https:\/\/www.instagram.com\/jardin_de_corail\/\"]}]}<\/script>\n<!-- \/ Yoast SEO plugin. -->","yoast_head_json":{"title":"Le Jardin de Corail, splendide F1 \u00e0 2 pas du lagon | Le Jardin de Corail","robots":{"index":"index","follow":"follow","max-snippet":"max-snippet:-1","max-image-preview":"max-image-preview:large","max-video-preview":"max-video-preview:-1"},"canonical":"https:\/\/lejardindecorail.com\/es\/alquiler-reunion\/le-jardin-de-corail-splendide-f1-a-2-pas-du-lagon\/","og_locale":"es_ES","og_type":"article","og_title":"Le Jardin de Corail, splendide F1 \u00e0 2 pas du lagon | Le Jardin de Corail","og_description":"Magnifique appartement F1 de 35 m2 habitable + une belle terrasse de 12 m2, id\u00e9alement situ\u00e9 \u00e0 moins de 600m de la plage de la Saline les Bains et 500m du centre ville. Le logement vient tout juste d'\u00eatre enti\u00e8rement\u2026","og_url":"https:\/\/lejardindecorail.com\/es\/alquiler-reunion\/le-jardin-de-corail-splendide-f1-a-2-pas-du-lagon\/","og_site_name":"Le Jardin de Corail","article_publisher":"https:\/\/www.facebook.com\/profile.php?id=61584957233103","article_modified_time":"2026-04-26T14:30:10+00:00","og_image":[{"width":549,"height":279,"url":"https:\/\/lejardindecorail.com\/wp-content\/uploads\/2025\/04\/cropped-le-jardin-de-corail-1.png","type":"image\/png"}],"twitter_card":"summary_large_image","schema":{"@context":"https:\/\/schema.org","@graph":[{"@type":"WebPage","@id":"https:\/\/lejardindecorail.com\/location-reunion\/le-jardin-de-corail-splendide-f1-a-2-pas-du-lagon\/","url":"https:\/\/lejardindecorail.com\/location-reunion\/le-jardin-de-corail-splendide-f1-a-2-pas-du-lagon\/","name":"Le Jardin de Corail, splendide F1 \u00e0 2 pas du lagon | Le Jardin de Corail","isPartOf":{"@id":"https:\/\/lejardindecorail.com\/#website"},"datePublished":"2026-03-08T20:19:31+00:00","dateModified":"2026-04-26T14:30:10+00:00","breadcrumb":{"@id":"https:\/\/lejardindecorail.com\/location-reunion\/le-jardin-de-corail-splendide-f1-a-2-pas-du-lagon\/#breadcrumb"},"inLanguage":"es","potentialAction":[{"@type":"ReadAction","target":["https:\/\/lejardindecorail.com\/location-reunion\/le-jardin-de-corail-splendide-f1-a-2-pas-du-lagon\/"]}]},{"@type":"BreadcrumbList","@id":"https:\/\/lejardindecorail.com\/location-reunion\/le-jardin-de-corail-splendide-f1-a-2-pas-du-lagon\/#breadcrumb","itemListElement":[{"@type":"ListItem","position":1,"name":"Home","item":"https:\/\/lejardindecorail.com\/"},{"@type":"ListItem","position":2,"name":"Le Jardin de Corail, splendide F1 \u00e0 2 pas du lagon"}]},{"@type":"WebSite","@id":"https:\/\/lejardindecorail.com\/#website","url":"https:\/\/lejardindecorail.com\/","name":"Le Jardin de Corail |\u00a0Alquiler vacacional Conserjer\u00eda en la Reuni\u00f3n","description":"Alquileres en La Reuni\u00f3n","publisher":{"@id":"https:\/\/lejardindecorail.com\/#organization"},"potentialAction":[{"@type":"SearchAction","target":{"@type":"EntryPoint","urlTemplate":"https:\/\/lejardindecorail.com\/?s={search_term_string}"},"query-input":{"@type":"PropertyValueSpecification","valueRequired":true,"valueName":"search_term_string"}}],"inLanguage":"es"},{"@type":"Organization","@id":"https:\/\/lejardindecorail.com\/#organization","name":"El Jard\u00edn de Coral","url":"https:\/\/lejardindecorail.com\/","logo":{"@type":"ImageObject","inLanguage":"es","@id":"https:\/\/lejardindecorail.com\/#\/schema\/logo\/image\/","url":"https:\/\/lejardindecorail.com\/wp-content\/uploads\/2025\/04\/le-jardin-de-corail-1.png","contentUrl":"https:\/\/lejardindecorail.com\/wp-content\/uploads\/2025\/04\/le-jardin-de-corail-1.png","width":559,"height":285,"caption":"Le Jardin de Corail"},"image":{"@id":"https:\/\/lejardindecorail.com\/#\/schema\/logo\/image\/"},"sameAs":["https:\/\/www.facebook.com\/profile.php?id=61584957233103","https:\/\/www.instagram.com\/jardin_de_corail\/"]}]}},"_links":{"self":[{"href":"https:\/\/lejardindecorail.com\/es\/wp-json\/wp\/v2\/superhote_rental\/1210","targetHints":{"allow":["GET"]}}],"collection":[{"href":"https:\/\/lejardindecorail.com\/es\/wp-json\/wp\/v2\/superhote_rental"}],"about":[{"href":"https:\/\/lejardindecorail.com\/es\/wp-json\/wp\/v2\/types\/superhote_rental"}],"version-history":[{"count":8,"href":"https:\/\/lejardindecorail.com\/es\/wp-json\/wp\/v2\/superhote_rental\/1210\/revisions"}],"predecessor-version":[{"id":1458,"href":"https:\/\/lejardindecorail.com\/es\/wp-json\/wp\/v2\/superhote_rental\/1210\/revisions\/1458"}],"wp:attachment":[{"href":"https:\/\/lejardindecorail.com\/es\/wp-json\/wp\/v2\/media?parent=1210"}],"curies":[{"name":"wp","href":"https:\/\/api.w.org\/{rel}","templated":true}]}}

Le Jardin de Corail, splendide F1 à 2 pas du lagon

<p>Magnifique appartement F1 de 35 m2 habitable + une belle terrasse de 12 m2, idéalement situé à moins de 600m de la plage de la Saline les Bains et 500m du centre ville. Le logement vient tout juste d&rsquo;être entièrement rénové, repensé, équipé à neuf et décoré avec goût pour un maximum de confort et d&rsquo;optimisation des surfaces. L&rsquo;appartement est sans vis-à-vis, en rez de jardin et se trouve dans une résidence très calme et de standing, avec parking privatif sécurisé.</p>
<p>​</p>
<p></p></p>

<p>Magnifique appartement F1 de 35 m2 habitable + une belle terrasse de 12 m2, idéalement situé à moins de 600m de la plage de la Saline les Bains et 500m du centre ville. Le logement vient tout juste d&rsquo;être entièrement…</p>

<!-- This site is optimized with the Yoast SEO plugin v26.7 - https://yoast.com/wordpress/plugins/seo/ -->
<title>Le Jardin de Corail, splendide F1 à 2 pas du lagon | Le Jardin de Corail</title>
<meta name="robots" content="index, follow, max-snippet:-1, max-image-preview:large, max-video-preview:-1" />
<link rel="canonical" href="https://lejardindecorail.com/es/alquiler-reunion/le-jardin-de-corail-splendide-f1-a-2-pas-du-lagon/" />
<meta property="og:locale" content="es_ES" />
<meta property="og:type" content="article" />
<meta property="og:title" content="Le Jardin de Corail, splendide F1 à 2 pas du lagon | Le Jardin de Corail" />
<meta property="og:description" content="Magnifique appartement F1 de 35 m2 habitable + une belle terrasse de 12 m2, idéalement situé à moins de 600m de la plage de la Saline les Bains et 500m du centre ville. Le logement vient tout juste d&#039;être entièrement…" />
<meta property="og:url" content="https://lejardindecorail.com/es/alquiler-reunion/le-jardin-de-corail-splendide-f1-a-2-pas-du-lagon/" />
<meta property="og:site_name" content="Le Jardin de Corail" />
<meta property="article:publisher" content="https://www.facebook.com/profile.php?id=61584957233103" />
<meta property="article:modified_time" content="2026-04-26T14:30:10+00:00" />
<meta property="og:image" content="https://lejardindecorail.com/wp-content/uploads/2025/04/cropped-le-jardin-de-corail-1.png" />
	<meta property="og:image:width" content="549" />
	<meta property="og:image:height" content="279" />
	<meta property="og:image:type" content="image/png" />
<meta name="twitter:card" content="summary_large_image" />
<script type="application/ld+json" class="yoast-schema-graph">{"@context":"https://schema.org","@graph":[{"@type":"WebPage","@id":"https://lejardindecorail.com/location-reunion/le-jardin-de-corail-splendide-f1-a-2-pas-du-lagon/","url":"https://lejardindecorail.com/location-reunion/le-jardin-de-corail-splendide-f1-a-2-pas-du-lagon/","name":"Le Jardin de Corail, splendide F1 à 2 pas du lagon | Le Jardin de Corail","isPartOf":{"@id":"https://lejardindecorail.com/#website"},"datePublished":"2026-03-08T20:19:31+00:00","dateModified":"2026-04-26T14:30:10+00:00","breadcrumb":{"@id":"https://lejardindecorail.com/location-reunion/le-jardin-de-corail-splendide-f1-a-2-pas-du-lagon/#breadcrumb"},"inLanguage":"es","potentialAction":[{"@type":"ReadAction","target":["https://lejardindecorail.com/location-reunion/le-jardin-de-corail-splendide-f1-a-2-pas-du-lagon/"]}]},{"@type":"BreadcrumbList","@id":"https://lejardindecorail.com/location-reunion/le-jardin-de-corail-splendide-f1-a-2-pas-du-lagon/#breadcrumb","itemListElement":[{"@type":"ListItem","position":1,"name":"Home","item":"https://lejardindecorail.com/"},{"@type":"ListItem","position":2,"name":"Le Jardin de Corail, splendide F1 à 2 pas du lagon"}]},{"@type":"WebSite","@id":"https://lejardindecorail.com/#website","url":"https://lejardindecorail.com/","name":"Le Jardin de Corail | Location saisonnière Conciergerie à la Réunion","description":"Locations à La Réunion","publisher":{"@id":"https://lejardindecorail.com/#organization"},"potentialAction":[{"@type":"SearchAction","target":{"@type":"EntryPoint","urlTemplate":"https://lejardindecorail.com/?s={search_term_string}"},"query-input":{"@type":"PropertyValueSpecification","valueRequired":true,"valueName":"search_term_string"}}],"inLanguage":"es"},{"@type":"Organization","@id":"https://lejardindecorail.com/#organization","name":"Le Jardin de Corail","url":"https://lejardindecorail.com/","logo":{"@type":"ImageObject","inLanguage":"es","@id":"https://lejardindecorail.com/#/schema/logo/image/","url":"https://lejardindecorail.com/wp-content/uploads/2025/04/le-jardin-de-corail-1.png","contentUrl":"https://lejardindecorail.com/wp-content/uploads/2025/04/le-jardin-de-corail-1.png","width":559,"height":285,"caption":"Le Jardin de Corail"},"image":{"@id":"https://lejardindecorail.com/#/schema/logo/image/"},"sameAs":["https://www.facebook.com/profile.php?id=61584957233103","https://www.instagram.com/jardin_de_corail/"]}]}</script>
<!-- / Yoast SEO plugin. -->

Le Jardin de Corail, splendide F1 à 2 pas du lagon | Le Jardin de Corail

Magnifique appartement F1 de 35 m2 habitable + une belle terrasse de 12 m2, idéalement situé à moins de 600m de la plage de la Saline les Bains et 500m du centre ville. Le logement vient tout juste d'être entièrement…

Le Jardin de Corail | Alquiler vacacional Conserjería en la Reunión

Alquileres en La Reunión

El Jardín de Coral
